= -r**3 + r**2 - 3*r + 4. Let s be k(2). Let t = s + 271. What is the units digit of t?
5
Suppose 4*l - 16 = 0, 4*c - 14*l - 18224 = -18*l. What is the hundreds digit of c?
5
Let q(r) = r**2 + r - 4. Let l be q(3). Let m(o) = -o**2 + 3*o - 3. Let p be m(l). Let y = 71 + p. What is the units digit of y?
8
Let o be (1899/6)/(4 - (-191)/(-48)). What is the units digit of 1 - 1/3 - o/(-216)?
1
Suppose -t - 857 = -2*a, -4*t = -2*a + 538 + 304. What is the tens digit of a?
3
Let b = 3240 - -935. What is the hundreds digit of b?
1
Suppose 18*t + 2412 = 27*t. What is the tens digit of t?
6
Suppose 3 = -4*t - 5*z + 31, 4*t + z - 12 = 0. Suppose -3*u + 15 = 3*j - 4*u, -t*u - 5 = -j. What is the units digit of 3*1/j*35?
1
Let x be 209*((-24)/12 - (-1 - 0)). Let v = -85 - x. What is the units digit of v?
4
Let f(s) = -s**2 - 4*s + 13. Let x(r) = -2*r**2 - 7*r + 26. Let d(w) = -7*f(w) + 3*x(w). What is the tens digit of d(-10)?
1
Suppose -3*a = -2*k + 13, -k - 3*k = 3*a - 17. Let h(q) = 21*q**2 - 1. What is the units digit of h(a)?
0
Suppose 0 = -4*w - 16, g + 4*w = -2*g - 19. What is the units digit of 25/15*(1*25 + g)?
0
Let q(l) = 3*l. Let f be q(1). Suppose -4*j = 0, -f*w + 186 = -2*j + 4*j. What is the tens digit of w?
6
Suppose 3*s + 66 = 3*y, 0 = -4*s + 5*y - 29 - 61. Let x = -15 - s. Suppose x - 3 = -f, -f + 18 = 5*z. What is the units digit of z?
4
Suppose 8*r = 4*r - 3*o + 1840, -460 = -r + o. What is the hundreds digit of r?
4
Suppose 3*m = -4*l + 316, -4*l = 3*m - 2*m - 116. What is the tens digit of m?
0
Let a(k) = 28*k**3 + 7*k**2 - 11*k - 13. What is the units digit of a(5)?
7
Let f(z) = -z**3 + z**2 - 14*z + 1. What is the units digit of f(-7)?
1
Suppose -b - 293 = 4*r - 2*b, 2*r = -4*b - 160. Let k = r + 144. What is the tens digit of k?
7
Let d be (1 - 1)/(20/20). Suppose 44 = -d*y + 4*y. What is the units digit of y?
1
Let i(b) = 1 + 66*b + 3 + 13*b. What is the units digit of i(1)?
3
Suppose 0 + 14 = 4*f + r, 4*f - 3*r - 6 = 0. Let k = 37 - 10. Suppose 3*m - k = f*t, m - t + 2*t - 1 = 0. What is the units digit of m?
5
Let x = -5 - -11. Suppose -n = -3*n + x. Suppose n*h = -h + 88. What is the units digit of h?
2
Let a = -2 - -3. Let r(n) = -81*n**3 - 7*n**2 - 3*n - 9. Let i(g) = 41*g**3 + 4*g**2 + 2*g + 5. Let s(l) = -7*i(l) - 4*r(l). What is the tens digit of s(a)?
3
What is the hundreds digit of (-16)/(-24)*-33*-27?
5
Suppose 3*n = -3*d - n + 202, -4*d + 5*n + 321 = 0. Suppose -5*o = -3*o + d. Let u = -19 - o. What is the units digit of u?
8
Let i = -18 + 20. What is the units digit of i/12*527 + 2/12?
8
Suppose 2*i - 2*h - h - 3524 = 0, 0 = i - 5*h - 1769. What is the tens digit of i?
5
Suppose 9302 = 5*q + 2*z, -5*q + 5*z + 533 = -8797. What is the thousands digit of q?
1
Let q(i) = -2*i - 9. Let y be q(-7). Suppose -y = d, 4*d = -4*l + 3*d + 7. What is the tens digit of (0 - l)/(-1) + 15?
1
Let j(x) be the second derivative of 2/3*x**3 + 2*x - x**2 + 0. What is the units digit of j(12)?
6
Let z = -109 - -50. Suppose 0 = -t + 3, 0*t = c - 5*t - 106. Let o = c + z. What is the units digit of o?
2
Let f(x) = 35*x**2 - 5*x - 18. What is the tens digit of f(9)?
7
Let j be ((-12)/(-3) - -156) + -2. Suppose j = 5*r - f - 161, -f = 4. What is the tens digit of r?
6
Suppose -29*a - 3338 = -38863. What is the thousands digit of a?
1
Let y = -7540 - -11006. What is the thousands digit of y?
3
Let o(m) = m - 3. Let q = -1 + 8. Let c be o(q). Suppose 5*t - 5*y - 46 = -y, c*y = 4. What is the tens digit of t?
1
Let y be (-1 - -1) + 10/2. Let k be (-178)/(-3)*(-3)/(-2). Suppose -34 = y*g - k. What is the units digit of g?
1
Let a be (-22)/2*(-15 + 8). Suppose -10*l = -657 + a. What is the tens digit of l?
5
Let y be (14*-18)/3 + 0/(-1). Let x = 161 + y. What is the units digit of x?
7
Let c(j) = -178*j + 237. What is the hundreds digit of c(-7)?
4
Let q be 66/10 - 2/(-5). Suppose 2*j = 3*a + 333 - q, -2*a - 8 = 0. Suppose -97 = -3*n - 2*c + 29, 4*n - j = c. What is the units digit of n?
0
Let q(f) be the second derivative of f**4/12 + 19*f**3/6 - 25*f**2 - 9*f. What is the tens digit of q(-22)?
1
Suppose -c + 46 = -46. Suppose -2*u + 0*s + 36 = s, 4*u - c = 3*s. What is the units digit of u?
0
Let x(o) = o**2 + o. Let l(y) = -5*y**2 + 18*y - 14. Let h(u) = -l(u) + 5*x(u). What is the tens digit of h(5)?
9
Let l be 1 + 3/(-1) + 5. Suppose -l*s - 2 + 14 = 0. Suppose b - 225 = -s*b. What is the units digit of b?
5
Let r = 3585 - 1335. What is the thousands digit of r?
2
Let y(x) = -x**3 - 2*x**2 + 2*x - 3. Let b be -4 - (5 + -4)/(-1). Let i be y(b). Suppose -5*w + 76 + 114 = i. What is the tens digit of w?
3
What is the tens digit of (-6)/(31/13 + -2)*-5?
7
Suppose 2564 + 20811 = 25*c. What is the units digit of c?
5
Let b = -6 + 9. Suppose b*d = -5*i + 55, i + 43 = 5*d - 2. Let m = d + 30. What is the tens digit of m?
4
Let n(i) = 56*i - 139. What is the units digit of n(10)?
1
Suppose -21*w - 2330 = -26*w. What is the tens digit of w?
6
What is the units digit of -11 + (-14)/(84/(-5454))?
8
Suppose 4*n = -2*i + 1967 + 7005, 20 = 5*i. Suppose b - n = -8*b. What is the tens digit of b?
4
Let b be ((3 - 3) + 0)/1. Suppose b*n - 4 = u - 2*n, -3*n + 19 = 5*u. Suppose -z + 2*z - 131 = -u*p, -3*p - 2*z + 199 = 0. What is the tens digit of p?
6
Let z(j) = -j**2 + 2*j + 3. Let t be z(5). Let d = t + 17. What is the units digit of ((-12)/d)/(14/(-105))?
8
Suppose 3*f = -19 + 4, f + 63 = w. What is the tens digit of w?
5
Suppose -8 = 5*c + 2, 0 = 5*z + 3*c - 569. Let s(p) = 2*p**2 + 9*p + 8. Let y be s(-4). Suppose y*r = 3*l + z, r = l - 4*l + 40. What is the units digit of r?
1
Let n(a) = 19*a**3 - a. Suppose -b = 2*b + 3. Let k be n(b). Let t = k - -25. What is the units digit of t?
7
Let p = -8 + 10. Suppose -g + 59 + p = 0. What is the units digit of g?
1
Suppose 2*a - 2*h - 6 = 3*h, 0 = -5*a + 4*h + 32. Suppose 1 - 104 = -s - 5*b, -4*b = a. What is the units digit of s?
3
Suppose -5*n = -61 + 21. Suppose n = 3*y - y. Suppose -i + 2*i - 2*g = 9, 76 = y*i + 2*g. What is the tens digit of i?
1
Suppose z + 1 = b, 4*b + 0*b - 5*z = 3. Suppose 148 = 4*c - b*c. What is the tens digit of c?
7
Let d(f) = -25*f + 7. Let i(x) = -x. Let b(q) = -d(q) + 6*i(q). Let v be b(7). Let a = v + -72. What is the units digit of a?
4
Let b be (-6)/(-21) - 174/21. Let y(c) = -5*c + 7. Let s be y(b). Let o = s - 21. What is the units digit of o?
6
Suppose 4*x - 3*x - 6 = -w, 5*w = 2*x + 2. Let v(q) = -q**3 + 2*q**2 + 2*q - 3. Let o be v(w). What is the tens digit of (0 + -2)/(o/(-23))?
4
Let h(p) = -24*p**2 - p + 1. Let t be h(-1). Let u = -15 - t. What is the units digit of u?
7
Let x = -1158 - -1654. What is the tens digit of x?
9
Suppose -4*d + 575 = 4*a - 97, -356 = -2*d + 2*a. Suppose 42 = 5*u - d. Suppose 2*g - u = 115. What is the units digit of g?
9
Let z = 31 + 1. Suppose z*a = 31*a + 98. What is the units digit of a?
8
Suppose -3608 = -338*r + 327*r. What is the tens digit of r?
2
Let l be -1 - (-14 + (-4)/(-1)). What is the tens digit of l/(189/(-6))*-301?
8
Let d(u) = u**3 + 6*u**2 - 8*u - 9. Let q be d(-7). What is the tens digit of 21/2*q*4/(-3)?
2
Let j = 281 + -23. What is the hundreds digit of j?
2
Suppose -3*g - 5*b = 2*g - 35, b - 16 = -4*g. Suppose 0 = -6*n + g*n. Suppose a + n*a - 5 = 0. What is the units digit of a?
5
Suppose 5*z - 3*b = -6*b + 73, -17 = -z - 3*b. Suppose u - 94 = -z. What is the tens digit of u?
8
Suppose 4*n = -2*a + 109 + 1, -a + 4*n + 55 = 0. Let p = -36 + a. What is the tens digit of p?
1
Suppose -2*u + 7*u = 0. Suppose -2*z + u*z = -q - 16, -5*q = -4*z + 56. What is the tens digit of (-454)/(-10) - q/(-20)?
4
Let l(t) = -2*t**3 - 58*t**2 + 34*t + 52. What is the hundreds digit of l(-30)?
8
Suppose -3*x = -6, -s - 2*x - 8 = -5*s. Suppose 3*i - 3*k - 150 = 0, s*i + 4*k = 130 + 48. What is the tens digit of i?
5
Let t = 621 - 192. What is the units digit of t?
9
Suppose 5*x = -10*k + 15*k + 8390, 0 = -x + 2*k + 1682. What is the units digit of x?
4
Let u(o) be the third derivative of 0*o + 1/6*o**5 - 1/3*o**3 + 1/120*o**6 + 1/3*o**4 + 0 + 3*o**2. What is the units digit of u(-9)?
7
Suppose -5*n = -18 + 3. Suppose n*s - 8*s + 195 = 0. What is the units digit of s?
9
Suppose 0 = 3*a + 5*g - 22, 2*g = 4*a - 0*g - 38. Suppose 0 = a*y -